
2
What is the hundreds digit of 371?
3
What is the thousands digit of 43080?
3
What is the ten thousands digit of 16920?
1
What is the tens digit of 27002?
0
What is the tens digit of 1473?
7
What is the ten thousands digit of 78088?
7
What is the tens digit of 1675?
7
What is the units digit of 112?
2
What is the ten thousands digit of 12440?
1
What is the tens digit of 46096?
9
What is the hundreds digit of 1300?
3
What is the thousands digit of 6146?
6
What is the ten thousands digit of 47664?
4
What is the units digit of 12810?
0
What is the tens digit of 15940?
4
What is the tens digit of 1984?
8
What is the thousands digit of 5293?
5
What is the hundreds digit of 1668?
6
What is the units digit of 54368?
8
What is the units digit of 806?
6
What is the hundreds digit of 8378?
3
What is the tens digit of 73438?
3
What is the units digit of 1248?
8
What is the tens digit of 1589?
8
What is the thousands digit of 1077?
1
What is the thousands digit of 1810?
1
What is the hundreds digit of 69576?
5
What is the units digit of 1418?
8
What is the tens digit of 10844?
4
What is the hundreds digit of 11392?
3
What is the thousands digit of 11547?
1
What is the tens digit of 1671?
7
What is the tens digit of 30966?
6
What is the hundreds digit of 242?
2
What is the tens digit of 571?
7
What is the hundreds digit of 446?
4
What is the tens digit of 17053?
5
What is the units digit of 110?
0
What is the units digit of 1198?
8
What is the units digit of 1048?
8
What is the tens digit of 117715?
1
What is the units digit of 21267?
7
What is the thousands digit of 1900?
1
What is the ten thousands digit of 21953?
2
What is the units digit of 695?
5
What is the units digit of 3539?
9
What is the tens digit of 1955?
5
What is the hundreds digit of 4451?
4
What is the units digit of 1314?
4
What is the hundreds digit of 7167?
1
What is the tens digit of 462?
6
What is the hundreds digit of 2641?
6
What is the thousands digit of 17889?
7
What is the hundreds digit of 1176?
1
What is the units digit of 31192?
2
What is the units digit of 8737?
7
What is the hundreds digit of 779?
7
What is the tens digit of 51176?
7
What is the tens digit of 1016?
1
What is the hundreds digit of 876?
8
What is the tens digit of 3820?
2
What is the thousands digit of 10011?
0
What is the units digit of 2124?
4
What is the units digit of 1464?
4
What is the tens digit of 40?
4
What is the units digit of 24863?
3
What is the tens digit of 76145?
4
What is the units digit of 490?
0
What is the hundreds digit of 13755?
7
What is the ten thousands digit of 19481?
1
What is the tens digit of 1791?
9
What is the hundreds digit of 62326?
3
What is the tens digit of 17118?
1
What is the hundreds digit of 1241?
2
What is the tens digit of 2776?
7
What is the units digit of 99164?
4
What is the thousands digit of 1230?
1
What is the tens digit of 1033?
3
What is the tens digit of 6034?
3
What is the hundreds digit of 860?
8
What is the hundreds digit of 1497?
4
What is the thousands digit of 45651?
5
What is the thousands digit of 6121?
6
What is the hundreds digit of 937?
9
What is the tens digit of 13745?
4
What is the hundreds digit of 56632?
6
What is the thousands digit of 20283?
0
What is the tens digit of 967?
6
What is the units digit of 240?
0
What is the units digit of 509?
9
What is the tens digit of 8807?
0
What is the tens digit of 80?
8
What is the units digit of 1188?
8
What is the hundreds digit of 47840?
8
What is the units digit of 136871?
1
What is the thousands digit of 25657?
5
What is the units digit of 1654?
4
What is the hundreds digit of 312?
3
What is the tens digit of 3364?
6
What is the hundreds digit of 39462?
4
What is the hundreds digit of 222?
2
What is the hundreds digit of 83033?
0
What is the tens digit of 6717?
1
What is the hundreds digit of 6226?
2
What is the tens digit of 10824?
2
What is the units digit of 373?
3
What is the tens digit of 3822?
2
What is the units digit of 3516?
6
What is the hundreds digit of 67636?
6
What is the thousands digit of 22888?
2
What is the units digit of 122729?
9
What is the units digit of 40480?
0
What is the tens digit of 1976?
7
What is the units digit of 22469?
9
What is the units digit of 274?
4
What is the hundreds digit of 77714?
7
What is the thousands digit of 5006?
5
What is the ten thousands digit of 141972?
4
What is the hundreds digit of 351?
3
What is the units digit of 12970?
0
What is the thousands digit of 2910?
2
What is the units digit of 64699?
9
What is the units digit of 2057?
7
What is the thousands digit of 3584?
3
What is the hundreds digit of 1622?
6
What is the tens digit of 508?
0
What is the units digit of 6415?
5
What is the hundreds digit of 1115?
1
What is the tens digit of 3368?
6
What is the units digit of 115453?
3
What is the hundreds digit of 259?
2
What is the tens digit of 100257?
5
What is the thousands digit of 5209?
5
What is the thousands digit of 2473?
2
What is the units digit of 9167?
7
What is the hundreds digit of 9877?
8
What is the hundreds digit of 5821?
8
What is the tens digit of 11276?
7
What is the units digit of 4896?
6
What is the thousands digit of 16841?
6
What is the thousands digit of 2669?
2
What is the tens digit of 357?
5
What is the hundreds digit of 12364?
3
What is the hundreds digit of 2039?
0
What is the units digit of 4767?
7
What is the ten thousands digit of 99170?
9
What is the thousands digit of 10077?
0
What is the tens digit of 41893?
9
What is the ten thousands digit of 24329?
2
What is the hundreds digit of 17732?
7
What is the tens digit of 23932?
3
What is the thousands digit of 9748?
9
What is the tens digit of 517?
1
What is the hundreds digit of 41589?
5
What is the units digit of 1770?
0
What is the units digit of 982?
2
What is the units digit of 19452?
2
What is the thousands digit of 9262?
9
What is the thousands digit of 6821?
6
What is the units digit of 3101?
1
What is the hundreds digit of 6488?
4
What is the hundreds digit of 3014?
0
What is the units digit of 2620?
0
What is the units digit of 468?
8
What is the units digit of 791?
1
What is the tens digit of 729?
2
What is the tens digit of 131?
3
What is the thousands digit of 135427?
5
What is the hundreds digit of 87038?
0
What is the tens digit of 735?
3
What is the thousands digit of 33496?
3
What is the ten thousands digit of 90134?
9
What is the tens digit of 6712?
1
What is the units digit of 20187?
7
What is the units digit of 470?
0
What is the units digit of 482?
2
What is the units digit of 6149?
9
What is the tens digit of 1292?
9
What is the ten thousands digit of 21573?
2
What is the ten thousands digit of 10398?
1
What is the units digit of 12137?
7
What is the tens digit of 3276?
7
What is the units digit of 250?
0
What is the thousands digit of 11370?
1
What is the tens digit of 12339?
3
What is the units digit of 62686?
6
What is the thousands digit of 7433?
7
What is the hundreds digit of 1934?
9
What is the hundreds digit of 3538?
5
What is the ten thousands digit of 81182?
8
What is the hundreds digit of 990?
9
What is the thousands digit of 110308?
0
What is the tens digit of 774?
7
What is the thousands digit of 49172?
9
What is the units digit of 30794?
4
What is the thousands digit of 1121?
1
What is the ten thousands digit of 11933?
1
What is the tens digit of 8172?
7
What is the units digit of 6780?
0
What is the units digit of 3005?
5
What is the hundreds digit of 1204?
2
What is the units digit of 352?
2
What is the hundred thousands digit of 122848?
1
What is the tens digit of 2594?
9
What is the hundreds digit of 371?
3
What is the units digit of 1322?
2
What is the tens digit of 63401?
0
What is the thousands digit of 10446?
0
What is the units digit of 3178?
8
What is the tens digit of 19492?
9
What is the thousands digit of 4872?
4
What is the units digit of 2553?
3
What is the hundreds digit of 37772?
7
What is the units digit of 46?
6
What is the tens digit of 4950?
5
What is the tens digit of 3009?
0
What is the units digit of 13305?
5
What is the tens digit of 2418?
1
What is the units digit of 192?
2
What is the hundreds digit of 1471?
4
What is the tens digit of 1457?
5
What is the units digit of 5531?
1
What is the hundreds 